{"id":93,"date":"2022-03-17T19:55:47","date_gmt":"2022-03-17T18:55:47","guid":{"rendered":"https:\/\/scthanshf.dk\/?page_id=93"},"modified":"2026-03-27T07:26:25","modified_gmt":"2026-03-27T06:26:25","slug":"haver-til-salg","status":"publish","type":"page","link":"https:\/\/scthanshf.dk\/?page_id=93","title":{"rendered":"Vurdering og Salg"},"content":{"rendered":"\n<p><strong>Vurdering<\/strong><\/p>\n\n\n\n<p>Hvis du vil have din have vurderet skal du udfylde denne <a href=\"https:\/\/scthanshf.dk\/?page_id=785\" target=\"_blank\" rel=\"noreferrer noopener\"><mark style=\"background-color:rgba(0, 0, 0, 0)\" class=\"has-inline-color has-vivid-cyan-blue-color\">ans\u00f8gningsformular<\/mark><\/a>. Herefter vil bestyrelsen kigge ans\u00f8gningen igennem og g\u00e5 ud og inspicere haven for ulovligheder*. Herefter vil vi sende haven videre til egentlig vurdering hos vurderingsudvalget.<\/p>\n\n\n\n<p>*<em>Bem\u00e6rk, at processen med forh\u00e5ndsvurdering typisk tager ca. 2 uger efter indsendelse af de p\u00e5kr\u00e6vede dokumenter.<\/em><\/p>\n\n\n\n<p><strong>Salg<\/strong><\/p>\n\n\n\n<p>For at f\u00e5 sin have solgt skal man have en gyldig vurdering f\u00f8rst. En vurdering er gyldig i et \u00e5r. <\/p>\n\n\n\n<p>Skriv til bestyrelsen (<a href=\"mailto:scthanshf@scthanshf.dk\" target=\"_blank\" rel=\"noreferrer noopener\">scthanshf@<\/a><a href=\"mailto:poul-erik@scthanshf.dk\" target=\"_blank\" rel=\"noreferrer noopener\">scthanshf<\/a><a href=\"mailto:scthanshf@scthanshf.dk\" target=\"_blank\" rel=\"noreferrer noopener\">.dk<\/a>) med et par gode billeder af haven, en \u00f8nsket salgspris og dine kontaktoplysninger, hvis du \u00f8nsker at f\u00e5 haven sat til salg i tavlerne og p\u00e5 hjemmesiden.<\/p>\n\n\n\n<p>Hvis du har fundet en k\u00f8ber til din have skal du skive til <a href=\"mailto:scthanshf@scthanshf.dk\">scthanshf@scthanshf.dk<\/a> med:<\/p>\n\n\n\n<ul class=\"wp-block-list\">\n<li>En aftalt salgspris<\/li>\n\n\n\n<li>Konto og reg. nr. p\u00e5 b\u00e5de k\u00f8ber og s\u00e6lger<\/li>\n\n\n\n<li>Fulde navn, folkeregisteraddresse, telefon nr. og email p\u00e5 k\u00f8ber(e).<\/li>\n\n\n\n<li>En \u00f8nsket overtagelsesdato.<\/li>\n<\/ul>\n","protected":false},"excerpt":{"rendered":"<p>Vurdering Hvis du vil have din have vurderet skal du udfylde denne ans\u00f8gningsformular. Herefter vil bestyrelsen kigge ans\u00f8gningen igennem og g\u00e5 ud og inspicere haven for ulovligheder*. Herefter vil vi sende haven videre til egentlig vurdering hos vurderingsudvalget. *Bem\u00e6rk, at processen med forh\u00e5ndsvurdering typisk tager ca. 2 uger efter indsendelse af de p\u00e5kr\u00e6vede dokumenter. Salg&hellip;<\/p>\n","protected":false},"author":1,"featured_media":0,"parent":0,"menu_order":0,"comment_status":"closed","ping_status":"closed","template":"","meta":{"footnotes":""},"class_list":["post-93","page","type-page","status-publish","hentry"],"_links":{"self":[{"href":"https:\/\/scthanshf.dk\/index.php?rest_route=\/wp\/v2\/pages\/93","targetHints":{"allow":["GET"]}}],"collection":[{"href":"https:\/\/scthanshf.dk\/index.php?rest_route=\/wp\/v2\/pages"}],"about":[{"href":"https:\/\/scthanshf.dk\/index.php?rest_route=\/wp\/v2\/types\/page"}],"author":[{"embeddable":true,"href":"https:\/\/scthanshf.dk\/index.php?rest_route=\/wp\/v2\/users\/1"}],"replies":[{"embeddable":true,"href":"https:\/\/scthanshf.dk\/index.php?rest_route=%2Fwp%2Fv2%2Fcomments&post=93"}],"version-history":[{"count":43,"href":"https:\/\/scthanshf.dk\/index.php?rest_route=\/wp\/v2\/pages\/93\/revisions"}],"predecessor-version":[{"id":1048,"href":"https:\/\/scthanshf.dk\/index.php?rest_route=\/wp\/v2\/pages\/93\/revisions\/1048"}],"wp:attachment":[{"href":"https:\/\/scthanshf.dk\/index.php?rest_route=%2Fwp%2Fv2%2Fmedia&parent=93"}],"curies":[{"name":"wp","href":"https:\/\/api.w.org\/{rel}","templated":true}]}}